2576. What is the greatest common divisor of x and 1512?
252
Suppose 4*r + 12 = 0, -2*r = -5*s + 3*r - 2520. Let q = 663 + s. Calculate the greatest common divisor of 24 and q.
12
Let p be 2*(4 + 0 + (-171)/6). Let i be (p/(-4))/(((-35)/(-20))/7). Calculate the greatest common factor of i and 35.
7
Let t = 3118 + -2554. What is the highest common factor of t and 12?
12
Suppose -5*s = -3*r + 571, 5*r + 291*s = 293*s + 958. What is the greatest common divisor of 528 and r?
48
Let o(z) = z**2 - 18*z + 82. Let p be o(11). Suppose c - 2*y + 68 = 6*c, -c + 9 = p*y. Calculate the highest common factor of 287 and c.
7
Suppose -48*t + 50*t = 22. Calculate the greatest common factor of t and 8019.
11
Suppose 0 = -5*a - 26*a + 2449. Let q = 287 - a. What is the highest common divisor of q and 8?
8
Let w be (-3 - 2) + 9 + 5980. Suppose 5*h + 716 = 5*u - w, u + 2*h = 1352. Calculate the greatest common factor of u and 42.
42
Let y(m) = -2*m**3 - 6*m**2 - 20*m - 26. Let w be y(-2). Calculate the greatest common factor of 222 and w.
6
Suppose 2*z = -2 + 12. Suppose -z = h, -k + 425 = 4*k + 5*h. What is the highest common divisor of k and 162?
18
Suppose 88 = -18*f - 92. Let d be ((-34)/f)/((-4)/(-20)). What is the greatest common divisor of 119 and d?
17
Let r be (456/(-513))/((-2)/117). Calculate the greatest common factor of 442 and r.
26
Let b(p) = 177*p**2 + 106*p - 270. Let l be b(10). Calculate the highest common divisor of l and 10.
10
Let o(s) = 33*s**2 + 211*s + 40. Let t be o(-8). Calculate the greatest common factor of 1073 and t.
29
Let q(v) = 16*v + 254. Let t be q(0). Let w = t + -222. Calculate the highest common factor of w and 144.
16
Let m be 358 - -1 - (-1 - -3). Suppose 25*t + 1076 = -32*t + 3983. Calculate the highest common divisor of t and m.
51
Suppose -9*t = -19*t + 1270. Suppose -385 = -4*d + t. Calculate the highest common factor of d and 96.
32
Let r(i) = 3*i**2 + 127*i + 1682. Let x be r(-23). Calculate the highest common factor of x and 4350.
174
Suppose -3360 = 395*a - 415*a. What is the highest common factor of 3402 and a?
42
Let d = 40 - 24. Let q(h) = -5*h**2 + 22 + 81*h - 74*h + 0*h**3 - h**3. Let l be q(-6). What is the highest common factor of l and d?
16
Suppose -33 = 2*p - 125. Let n(o) = -46*o + 9. Let i be n(-2). Let t = i - -14. Calculate the greatest common factor of p and t.
23
Let w(q) = 3155*q - 59. Let h be w(9). Let l be (-2)/(7935/h - 4/14). What is the highest common factor of 8 and l?
8
Suppose 2*m - 13460 = -4*w, 147*w = 152*w - 5*m - 16795. What is the greatest common factor of w and 57?
57
Suppose -1477 + 1525 = -2*a. Let k be ((-44)/(-20))/(a/25 + 1). What is the greatest common factor of 55 and k?
55
Let v = 315 + -8. Suppose 20 = 4*f, -v + 61 = -2*x + 2*f. Suppose 6*p = -2*p + x. What is the greatest common factor of 128 and p?
16
Suppose -5*n + 75 = 3*f, 5*n - 29 = -4*f + 66. Let c be 1/4*64 - 40/5. What is the greatest common divisor of f and c?
4
Let c be ((-542)/(-12) + 1/(-6))*(-57)/(-9). Calculate the greatest common factor of 133 and c.
19
Let x be 4/2 + -1 + 11. Let b = 242 + -100. Suppose -5*a + 162 = b. Calculate the greatest common factor of x and a.
4
Suppose 0 = -35*l + 10898 + 3802. What is the highest common divisor of l and 252?
84
Let k = 523 - 510. Suppose 4*h - 994 = -13*p + 10*p, 6 = 3*p. What is the greatest common factor of h and k?
13
Let f(k) = 1109*k - 2581. Let p be f(14). What is the greatest common factor of 105 and p?
15
Let f(d) = 158*d - 3102. Let i be f(23). What is the greatest common divisor of 5719 and i?
133
Let t be (5*2/(-2))/(48/(253440/(-200))). What is the greatest common factor of 14454 and t?
66
Let g = 398 - 158. Let k(d) = -d - 13. Let u be k(-28). Calculate the greatest common factor of u and g.
15
Let t be -93 + 250 - 1*12 - -9. What is the greatest common factor of 10 and t?
2
Suppose -10*i - 188 = -6*i. Let z = i + 133. Suppose -4*t + z = 14. Calculate the greatest common factor of t and 9.
9
Let j = -355 + 346. Let d be (-82)/(-18) + -5 - 1273/j. Calculate the highest common divisor of d and 3.
3
Suppose 0 = 554*l - 537*l - 10591. What is the highest common divisor of 154 and l?
7
Let t(s) = -s**2 + s - 12. Let y be t(5). Let i = y - -40. Let x be 26/i - 4/16 - -4. What is the greatest common divisor of x and 1?
1
Suppose x + r - 1 = 5, -4*x - r + 18 = 0. Suppose q - 2*f = 118, 0*f = -x*f - 8. What is the highest common factor of 30 and q?
6
Suppose -64*g + 48 = -52*g. Suppose g*q - 3 = -m, 4*m - 3*q = -0 + 12. Suppose 0 = k + k - 42. Calculate the highest common factor of m and k.
3
Let l = 13 + -10. Let v(n) = 59*n - 1. Let o be v(l). Let d = -1335 + 1343. Calculate the highest common factor of o and d.
8
Let i be -1 - 15/(-18) - 143/(-66). Let z be (-1)/(-3) - (490/(-6) - i). Calculate the highest common divisor of 252 and z.
84
Suppose 504 = -2*z + 8*z. Let p be (z/(-48))/((-2)/8). Suppose 4*c = -o + 51, 3*c = p*c + 5*o - 47. What is the greatest common factor of c and 39?
13
Let i = 99 - 70. Let p(q) = -3*q**2 + 11*q + 133. Let z be p(-5). Suppose z*w = 56 + 553. What is the greatest common divisor of i and w?
29
Let a be (896/(-42) - 12)*-6. Calculate the greatest common factor of 90 and a.
10
Let q be (-752 - 3)/(-5) + (2 - 0). Let h = 357 - q. What is the highest common divisor of h and 12?
12
Let q = 335 - -45. Suppose 0 = 4*h + 5*f - 302, -5*h - 4*f - f + q = 0. What is the greatest common factor of h and 195?
39
Let n = -366 + 376. Suppose -4*d - 58 = -9*d + v, -v - 46 = -4*d. Suppose 2*u - d - 8 = 0. What is the greatest common factor of n and u?
10
Suppose -28 = -g - 0*g. Suppose -2*r = l - 3, 0*r + 2*l - 2 = -2*r. Suppose 0 = r*c - 21 + 7. Calculate the highest common divisor of c and g.
7
Suppose -w = -5*w + 3*c + 2365, -w - c + 586 = 0. Suppose 4*s - 499 = w. What is the greatest common divisor of 96 and s?
16
Suppose -22 = -5*q + 28. Let s be ((-132)/88)/(1/326). Let d = s + 504. Calculate the greatest common divisor of d and q.
5
Let z be (12/9)/(2/147). Let h be -32*(11 + -4 + -8). Let b be (42/24)/(3 + (-94)/h). What is the highest common divisor of b and z?
14
Let a = 1032 + -887. Calculate the highest common factor of a and 515.
5
Suppose 454 + 14 = 36*w. Suppose -w*t - 17 = -329. What is the greatest common divisor of t and 9?
3
Suppose -4*a = 19 - 87. Let j be ((-5)/(-7))/((-2)/(-14)). Suppose -3*v = -0*v + n - 457, -2*v = j*n - 296. What is the greatest common divisor of a and v?
17
Let s = -15432 + 15445. What is the highest common divisor of 17121 and s?
13
Let b be (-5 + 3 + -4 - 52/(-10))*-4805. What is the highest common factor of b and 31?
31
Suppose -83*o - 99*o = -359450. What is the greatest common divisor of o and 25?
25
Suppose 4*c = -4*u - 8, -u = -4*c - 11 - 7. Suppose 5*m - 3*a - 70 + 20 = 0, -u*m = 3*a - 20. What is the highest common factor of 10 and m?
10
Let f(i) = i**2 - 4*i - 91. Let h be f(12). Suppose 5*w - 1870 = h*a, 6*a - 4*a = 0. Calculate the highest common factor of w and 34.
34
Suppose -63*j - 3191865 + 7953720 = 0. Calculate the greatest common divisor of 15 and j.
15
Suppose 4*k = -5*a + 77, -3*a + 7 = -k + a. Let h(r) = 6 + 31 - 11 - r - 5. Let z be h(8). Calculate the highest common factor of k and z.
13
Let o = -15533 - -16517. Calculate the greatest common divisor of 96 and o.
24
Let i = 6255 + -6221. What is the highest common factor of i and 12682?
34
Let s = -9087 + 9125. What is the greatest common divisor of s and 254?
2
Let h(n) = -n**3 + 18*n**2 + 8*n + 48. Let x be h(18). Suppose 5*v + 4*d = x, 6*v - 2*v = -2*d + 150. Calculate the highest common factor of 414 and v.
18
Let p = 11996 + -11936. Calculate the highest common divisor of p and 8220.
60
Let z be (-2)/(-23) + 7 + (-118096)/(-368). What is the highest common divisor of 41 and z?
41
Let k be 2/6 + 10/6. Let r = 568 - 568. Suppose r = 4*u - 4*c - 184, c = -0*u + k*u - 94. What is the highest common divisor of 32 and u?
16
Let i(a) = 3 - 72*a + 136*a - 3. Let q be i(4). What is the greatest common divisor of 16 and q?
16
Let p(n) = 93*n - 47. Let z be p(4). Let a = 361 - z. What is the greatest common divisor of 306 and a?
18
Let j = 326 - 54. Suppose -6*n - j + 824 = 0. Calculate the greatest common factor of n and 8.
4
Supp